{"id":17,"date":"2012-04-20T08:38:22","date_gmt":"2012-04-20T08:38:22","guid":{"rendered":"http:\/\/wp10997512.wp284.webpack.hosteurope.de\/?page_id=17"},"modified":"2018-08-14T10:53:13","modified_gmt":"2018-08-14T10:53:13","slug":"biography","status":"publish","type":"page","link":"https:\/\/www.lumer.info\/?page_id=17","title":{"rendered":"Biography"},"content":{"rendered":"<p>24.2.1956\u00a0\u00a0\u00a0\u00a0\u00a0\u00a0\u00a0\u00a0\u00a0\u00a0\u00a0\u00a0\u00a0 Born in Ratingen (near D\u00fcsseldorf), Germany.<\/p>\n<p>10.1974-12.80\u00a0\u00a0\u00a0\u00a0\u00a0\u00a0 Studies of sociology, philosophy and history at the universities of M\u00fcnster (Germany) and Bologna (Italy);<\/p>\n<p>15.12.1980\u00a0\u00a0\u00a0\u00a0\u00a0\u00a0\u00a0\u00a0\u00a0\u00a0\u00a0 Master&#8217;s degree (&#8222;Magister Artium&#8220;) in sociology with a master&#8217;s thesis on &#8222;Political ecology&#8220; and phi\u00adlosophy and ancient history as minor subjects from the University of M\u00fcnster.<\/p>\n<p>1.1981-4.1982\u00a0\u00a0\u00a0\u00a0\u00a0\u00a0 Alternative service in a social institution for elder and handicapped people (Mobiler Sozialer Hilfsdienst in M\u00fcnster).<\/p>\n<p>5.1982-7.1986\u00a0\u00a0\u00a0\u00a0\u00a0\u00a0 Graduate studies in philosophy and so\u00adciology at the universities of M\u00fcnster (Germany) and Berlin (Freie Universit\u00e4t, Germany) and preparation of a dissertation.<\/p>\n<p>10.1985-6.1986\u00a0\u00a0\u00a0\u00a0 Scientific assistant at the institute of philosophy at the University of M\u00fcn\u00adster; working field: tutoring of courses in formal logic.<\/p>\n<p>14.7.1986\u00a0\u00a0\u00a0\u00a0\u00a0\u00a0\u00a0\u00a0\u00a0\u00a0\u00a0\u00a0\u00a0 Ph. D. (&#8222;Doktor der Philosophie&#8220;) in philosophy at the University of M\u00fcnster with a dissertation &#8222;Practical Theory of Argumenta\u00adtion &#8211; Theoretical Foundations, Praktical Justification and Rules of Some Important Types of Argument&#8220; (&#8222;Praktische Argumentationstheorie &#8211; Theo\u00adretische Grundlagen, praktische Begr\u00fcndung und Regeln wichtiger Argu\u00admentationsarten&#8220;) and sociology and ancient history as minor subjects; grade: summa cum laude.<\/p>\n<p>10.1986-2.87\u00a0\u00a0\u00a0\u00a0\u00a0\u00a0\u00a0\u00a0 Teaching classes in philosophy at the University of Oldenburg (Germany); subjects: philosophy of language, philosophy of science.<\/p>\n<p>1.1987-4.93\u00a0\u00a0\u00a0\u00a0\u00a0\u00a0\u00a0\u00a0\u00a0\u00a0 Assistant professor (&#8222;Hochschulassistent&#8220;) of philosophy at the University of Osna\u00adbr\u00fcck (Germany).<\/p>\n<p>3.-6.1990\u00a0\u00a0\u00a0\u00a0\u00a0\u00a0\u00a0\u00a0\u00a0\u00a0\u00a0\u00a0\u00a0\u00a0 Visiting professor at the Istituto di Filosofia dell&#8216; Uni\u00adversit\u00e0 degli studi di Urbino (Italy).<\/p>\n<p>11.2.1993\u00a0\u00a0\u00a0\u00a0\u00a0\u00a0\u00a0\u00a0\u00a0\u00a0\u00a0\u00a0\u00a0 Habilitation (&#8222;Habilitation&#8220;) for philosophy at the University of Osna\u00adbr\u00fcck with a habilitation thesis &#8222;Rational Altruism &#8211; A Prudentialist Theory of Rationality and Altruism&#8220; (&#8222;Rationaler Altruismus &#8211; Eine prudenti\u00adelle Theorie der Ra\u00adtionalit\u00e4t und des Altruis\u00admus&#8220;).<\/p>\n<p>10.1993-10.1999\u00a0\u00a0 Associate professor (&#8222;Hochschuldozent&#8220;) of philosophy at the University of Os\u00adnabr\u00fcck.<\/p>\n<p>9.-12.1994\u00a0\u00a0\u00a0\u00a0\u00a0\u00a0\u00a0\u00a0\u00a0\u00a0\u00a0\u00a0 Visiting Scholar at the Department of Philosophy of the University of Mi\u00adchigan in Ann Arbor (USA).<\/p>\n<p>26.4.1995\u00a0\u00a0\u00a0\u00a0\u00a0\u00a0\u00a0\u00a0\u00a0\u00a0\u00a0\u00a0\u00a0 Nomination as an extra-budgetary professor (&#8222;Au\u00dferplanm\u00e4\u00dfiger Profes\u00adsor&#8220;) at the University of Osnabr\u00fcck.<\/p>\n<p>11.1999-3.2002\u00a0\u00a0\u00a0\u00a0 Contract professor (&#8222;Professore a contratto&#8220;) at the University of Siena (Italy) and, alternating, leading researcher in the research project &#8222;How good is life?&#8220;, financed by the German National Research Council (DFG) at the University of Osnabr\u00fcck.<\/p>\n<p>4.2002-10.2016\u00a0\u00a0\u00a0\u00a0 Associate professor (\u201cprofessore associato\u201d) of Moral Philosophy at the University of Siena.<\/p>\n<p>since 11.2016\u00a0\u00a0\u00a0\u00a0\u00a0\u00a0\u00a0 Full professor (\u201cprofessore ordinario\u201d) of Moral Philosophy at the University of Siena.<\/p>\n<p>I am married to Dr. med. Eleonore Lumer. We have two children.<\/p>\n<p>&nbsp;<\/p>\n","protected":false},"excerpt":{"rendered":"<p>24.2.1956\u00a0\u00a0\u00a0\u00a0\u00a0\u00a0\u00a0\u00a0\u00a0\u00a0\u00a0\u00a0\u00a0 Born in Ratingen (near D\u00fcsseldorf), Germany. 10.1974-12.80\u00a0\u00a0\u00a0\u00a0\u00a0\u00a0 Studies of sociology, philosophy and history at the universities of M\u00fcnster (Germany) and Bologna (Italy); 15.12.1980\u00a0\u00a0\u00a0\u00a0\u00a0\u00a0\u00a0\u00a0\u00a0\u00a0\u00a0 Master&#8217;s degree (&#8222;Magister Artium&#8220;) in sociology with a master&#8217;s thesis on &#8222;Political ecology&#8220; and phi\u00adlosophy and &hellip; <a href=\"https:\/\/www.lumer.info\/?page_id=17\">Weiterlesen <span class=\"meta-nav\">&rarr;<\/span><\/a><\/p>\n","protected":false},"author":1,"featured_media":0,"parent":0,"menu_order":1,"comment_status":"closed","ping_status":"closed","template":"","meta":{"footnotes":""},"_links":{"self":[{"href":"https:\/\/www.lumer.info\/index.php?rest_route=\/wp\/v2\/pages\/17"}],"collection":[{"href":"https:\/\/www.lumer.info\/index.php?rest_route=\/wp\/v2\/pages"}],"about":[{"href":"https:\/\/www.lumer.info\/index.php?rest_route=\/wp\/v2\/types\/page"}],"author":[{"embeddable":true,"href":"https:\/\/www.lumer.info\/index.php?rest_route=\/wp\/v2\/users\/1"}],"replies":[{"embeddable":true,"href":"https:\/\/www.lumer.info\/index.php?rest_route=%2Fwp%2Fv2%2Fcomments&post=17"}],"version-history":[{"count":14,"href":"https:\/\/www.lumer.info\/index.php?rest_route=\/wp\/v2\/pages\/17\/revisions"}],"predecessor-version":[{"id":1296,"href":"https:\/\/www.lumer.info\/index.php?rest_route=\/wp\/v2\/pages\/17\/revisions\/1296"}],"wp:attachment":[{"href":"https:\/\/www.lumer.info\/index.php?rest_route=%2Fwp%2Fv2%2Fmedia&parent=17"}],"curies":[{"name":"wp","href":"https:\/\/api.w.org\/{rel}","templated":true}]}}