{"id":1429,"date":"2020-03-15T20:24:04","date_gmt":"2020-03-15T20:24:04","guid":{"rendered":"http:\/\/www.lumer.info\/?page_id=1429"},"modified":"2020-06-01T16:43:21","modified_gmt":"2020-06-01T16:43:21","slug":"piattaforma-e-learning-del-corso-filosofia-saper-pensare-lattualita-della-filosofia-a-a-2019-2020","status":"publish","type":"page","link":"https:\/\/www.lumer.info\/?page_id=1429","title":{"rendered":"Piattaforma e-learning del corso &#8222;Filosofia: Saper pensare \u2013 L&#8217;attualit\u00e0 della filosofia&#8220;, a.a. 2019-2020"},"content":{"rendered":"\n<p>Benvenuto sulla piattaforma\ne-learning del corso &#8222;Filosofia: Saper pensare \u2013 L&#8217;attualit\u00e0 della\nfilosofia&#8220;. Questa piattaforma \u00e8 stata creata a causa della sospensione\ndelle attivit\u00e0 didattiche in presenza nell&#8217;Universit\u00e0 di Siena per l&#8217;epidemia\nCovid-19 e serve per fornire delle informazioni ed aggiornamenti sul\nsvolgimento delle lezioni.<\/p>\n\n\n\n<h2 class=\"wp-block-heading\">A partire del 17\/3\/2020:\nlezioni in streaming \u2013 modalit\u00e0 di accesso<\/h2>\n\n\n\n<p>A partire del 17\/3\/2020 le lezioni del corso &#8222;Filosofia: Saper pensare\n&#8211; L&#8217;attualit\u00e0 della filosofia&#8220; si svolgeranno via streaming sulla\npiattaforma Google.meet negli orari stabiliti prima, cio\u00e8 marted\u00ec e gioved\u00ec\nalle ore 14-16. Per accedere (all&#8217;ora stabilita) alla lezione in streaming c&#8217;\u00e8\nbisogno di un invito via email che verr\u00e0 mandato al momento dell&#8217;inizio della\nlezione. Cliccando sul link di questo invito si pu\u00f2 accedere alla lezione sulla\npiattaforma Google.Meet, che permette anche di fare delle domande ecc. Affinch\u00e9\nquesto sistema funzioni, gli studenti interessati a seguire la lezione devono\nper\u00f2 essere informati ed invitati via email, il che presuppone che il docente\nresponsabile abbia tutti gli indirizzi email degli interessati. \u00c8 stato mandato\nuna email (con all&#8217;incirca il contenuto di questa nota) domenica 15\/3\/2020, ore\n17, a tutti gli indirizzi email di interessati al corso che il docente aveva\nraccolto. Il che implica: Chi non ha ricevuto tale email ed \u00e8 interessato a\npartecipare alle lezioni dovrebbe mandare una breve email al docente\nresponsabile, Prof. Christoph Lumer, (email: lumer@unisi.it), affinch\u00e9 essere\ninserito nella lista degli invitati alla lezione. E se sapete di qualcuno\ninteressato, che non ha ricevuto la email summenzionata avvertitelo, per\nfavore.<\/p>\n\n\n\n<h2 class=\"wp-block-heading\"><strong>Lezioni<\/strong><\/h2>\n\n\n\n<p><strong>2\/3\/2020: 17.00: Lezione inaugurale: Maurizio Ferraris: Metafisica del web.<br> <\/strong>Lezione tenuta regolarmente. Slides della lezione: <a href=\"http:\/\/www.lumer.info\/wp-content\/uploads\/2020\/03\/Ferraris_MetafisicaDelWeb_200302_Slides.pdf\" target=\"_blank\" rel=\"noreferrer noopener\" aria-label=\"Ferraris_MetafisicaDelWeb_200302_Slides.pdf (\u00f6ffnet in neuem Tab)\">Ferraris_MetafisicaDelWeb_200302_Slides.pdf<\/a><\/p>\n\n\n\n<p><strong>1a lezione: 3\/3\/2020: Christoph Lumer (Universit\u00e0 Siena, DISPOC): Che cos&#8217;\u00e8 la filosofia e a che cosa serve? (Introduzione al corso e metafilosofia)<br><\/strong>Lezione tenuta regolarmente. Slides della lezione: <a rel=\"noreferrer noopener\" aria-label=\"Lumer_CheCos'\u00e8LaFilosofia_200303_Slides.pdf (\u00f6ffnet in neuem Tab)\" href=\"http:\/\/www.lumer.info\/wp-content\/uploads\/2020\/03\/Lumer_CheCos\u00e8LaFilosofia_200303_Slides.pdf\" target=\"_blank\">Lumer_CheCos&#8217;\u00e8LaFilosofia_200303_Slides.pdf<\/a><\/p>\n\n\n\n<p><strong>2a lezione: 5\/3\/2020: Ferdinando Abbri (Universit\u00e0 Siena, DISFUCI): Il passato della filosofia come un altro presente: tollerare le diversit\u00e0. (Storia della filosofia in generale)<br><\/strong>Testo della lezione: <a href=\"http:\/\/www.lumer.info\/wp-content\/uploads\/2020\/03\/Abbri_IlPassatoDellaFilosofiaComeUnAltroPresente_200305_TestoLezione.pdf\" target=\"_blank\" rel=\"noreferrer noopener\" aria-label=\"Abbri_IlPassatoDellaFilosofiaComeUnAltroPresente_200305_TestoLezione.pdf (\u00f6ffnet in neuem Tab)\">Abbri_IlPassatoDellaFilosofiaComeUnAltroPresente_200305_TestoLezione.pdf<\/a><\/p>\n\n\n\n<p><strong>3a lezione: 10\/3\/2020: Alessandro Linguiti (Universit\u00e0 Siena, DISFUCI): La filosofia come arte della vita. (Storia della filosofia antica)<br><\/strong>Testo della lezione: <a rel=\"noreferrer noopener\" aria-label=\"Linguiti_LaFilosofiaComeArteDellaVita_200310_Testo,AbstractLezione.pdf (\u00f6ffnet in neuem Tab)\" href=\"http:\/\/www.lumer.info\/wp-content\/uploads\/2020\/03\/Linguiti_LaFilosofiaComeArteDellaVita_200310_TestoAbstractLezione.pdf\" target=\"_blank\">Linguiti_LaFilosofiaComeArteDellaVita_200310_Testo,AbstractLezione.pdf<\/a><\/p>\n\n\n\n<p><strong>4a lezione: 12\/3\/2020: Paola Bernardini (UniSI, DSSBC): Fede e ragione. Presentazione storico-critica della figura dello \u201cscienziato credente\u201d in Occidente. (Storia della filosofia medievale)<br><\/strong>Testo della lezione: <a rel=\"noreferrer noopener\" aria-label=\"Bernardini_Fede&amp;Ragione_200312_TestoLezione.pdf (\u00f6ffnet in neuem Tab)\" href=\"http:\/\/www.lumer.info\/wp-content\/uploads\/2020\/03\/Bernardini_FedeRagione_200312_TestoLezione.pdf\" target=\"_blank\">Bernardini_Fede&amp;Ragione_200312_TestoLezione.pdf<\/a><br>Registrazione della lezione, 1a parte: <a href=\"https:\/\/drive.google.com\/open?id=19el__ZijTpn_-7G58CjPLEMCr9whqE1r\" target=\"_blank\" rel=\"noreferrer noopener\" aria-label=\"Link lezione Bernardini, parte 1 (\u00f6ffnet in neuem Tab)\">Link lezione Bernardini, parte 1<\/a><br>Registrazione della lezione, 2a parte: <a href=\"https:\/\/drive.google.com\/open?id=1NDC07DEVvFKUcy_nxTHLhBMI_h9zmvzu\" target=\"_blank\" rel=\"noreferrer noopener\" aria-label=\"Link lezione Bernardini, parte 2 (\u00f6ffnet in neuem Tab)\">Link lezione Bernardini, parte 2<\/a><\/p>\n\n\n\n<p><strong>5a lezione: 17\/3\/2020: Stefano Brogi (UniSI, DISFUCI): Tolleranza e pluralismo nella filosofia moderna e contemporanea. (Storia della filosofia dell\u2019et\u00e0 moderna)<br><\/strong>Slides della lezione: <a href=\"http:\/\/www.lumer.info\/wp-content\/uploads\/2020\/03\/Brogi_TolleranzaIntolleranza_200317_Slides.pdf\" target=\"_blank\" rel=\"noreferrer noopener\" aria-label=\"Brogi_Tolleranza&amp;Intolleranza_200317_Slides.pdf (\u00f6ffnet in neuem Tab)\">Brogi_Tolleranza&amp;Intolleranza_200317_Slides.pdf<\/a><br>Registrazione della lezione: <a href=\"https:\/\/drive.google.com\/file\/d\/1LF6uoIcCB3BZiZA9Bh-Ku2FHZM6FBB7j\/view?usp=sharing\" target=\"_blank\" rel=\"noreferrer noopener\" aria-label=\"Link lezione Brogi (\u00f6ffnet in neuem Tab)\">Link lezione Brogi<\/a><\/p>\n\n\n\n<p><strong>6a lezione: 19\/3\/2020: Giuseppe Varnier (UniSI, DISPOC): \u00c8 meglio conoscere. Conoscenza VS pura e semplice informazione. (Epistemologia)<\/strong><br>Testo della lezione: <a rel=\"noreferrer noopener\" aria-label=\"Varnier_\u00c8MeglioConoscere_200319_TestoLezione.pdf (\u00f6ffnet in neuem Tab)\" href=\"http:\/\/www.lumer.info\/wp-content\/uploads\/2020\/03\/Varnier_\u00c8MeglioConoscere_200319_TestoLezione.pdf\" target=\"_blank\">Varnier_\u00c8MeglioConoscere_200319_TestoLezione.pdf<\/a><br>Registrazione della lezione: <a href=\"https:\/\/drive.google.com\/file\/d\/1kcG20zXPGeJAnyeeogwSEgx_DE1dgxYD\/view?usp=sharing\" target=\"_blank\" rel=\"noreferrer noopener\" aria-label=\"Link lezione Varnier (\u00f6ffnet in neuem Tab)\">Link lezione Varnier<\/a><br><\/p>\n\n\n\n<p><strong>7a lezione: 24\/3\/2020: Duccio Pianigiani (UniSI, DIISM): Logica, autoriferimento e paradossi. (Logica)<\/strong><br>Slides della lezione: <a href=\"http:\/\/www.lumer.info\/wp-content\/uploads\/2020\/04\/Pianigiani_AutoreferenzaDiagonalizzazione_Slides_200324_Versione200401.pdf\" target=\"_blank\" rel=\"noreferrer noopener\" aria-label=\"Pianigiani_Autoreferenza&amp;Diagonalizzazione_Slides_200324.pdf (\u00f6ffnet in neuem Tab)\">Pianigiani_Autoreferenza&amp;Diagonalizzazione_Slides_200324.pdf<\/a><br>Registrazione della lezione: <a rel=\"noreferrer noopener\" aria-label=\"Link lezione Pianigian (\u00f6ffnet in neuem Tab)\" href=\"https:\/\/drive.google.com\/file\/d\/1P4jMD-hvRgaEmOMvJD8VdivWJm7E1srN\/view?usp=sharing_eil&amp;ts=5e7a2ab7\" target=\"_blank\">Link lezione Pianigian<\/a>i<br> <\/p>\n\n\n\n<p><strong>8a lezione: 26\/3\/2020: Christoph Lumer (UniSI, DISPOC): Ma ha provato la sua tesi? E come posso provare la mia? (Teoria dell&#8217;argomentazione)<\/strong><br>Slides della lezione: <a href=\"http:\/\/www.lumer.info\/wp-content\/uploads\/2020\/03\/Lumer_MaHaProvatoLaSuaTesi_200326_Slides.pdf\" target=\"_blank\" rel=\"noreferrer noopener\" aria-label=\"Lumer_MaHaProvatoLaSuaTesi_Slides_200326.pdf (\u00f6ffnet in neuem Tab)\">Lumer_MaHaProvatoLaSuaTesi_Slides_200326.pdf<\/a><br>Registrazione della lezione: <a href=\"https:\/\/drive.google.com\/open?id=1Z-hZz7TehKdXSeyHRVEEtC41KxcsdEBc\" target=\"_blank\" rel=\"noreferrer noopener\" aria-label=\"Link lezione Lumer (\u00f6ffnet in neuem Tab)\">Link lezione Lumer<\/a><br><\/p>\n\n\n\n<p><strong>9a lezione: 31\/3\/2020: Vincenzo Fano (U Urbino): Realt\u00e0, modelli e teorie scientifiche.<s> <\/s>(Filosofia della scienza)<\/strong><br>Slides della lezione: <a href=\"http:\/\/www.lumer.info\/wp-content\/uploads\/2020\/04\/Fano_Realt\u00e0ModelliTeorieScientifiche_200331_Slides.pdf\" target=\"_blank\" rel=\"noreferrer noopener\" aria-label=\"Fano_Realt\u00e0,Modelli&amp;TeorieScientifiche_200331_Slides.pdf (\u00f6ffnet in neuem Tab)\">Fano_Realt\u00e0,Modelli&amp;TeorieScientifiche_200331_Slides.pdf<\/a><br>Registrazione della lezione, parte 2: <a href=\"https:\/\/drive.google.com\/file\/d\/16LbE5LIAH59mrEnJhiaakQ4lM2QUOUxa\/view\" target=\"_blank\" rel=\"noreferrer noopener\" aria-label=\"Link lezione Fano, parte 2 (\u00f6ffnet in neuem Tab)\">Link lezione Fano, parte 2<\/a><br> <\/p>\n\n\n\n<p><strong>10a lezione: 2\/4\/2020: Antonello La Vergata (U Modena): Il mondo in cui Darwin ci ha introdotti. (Filosofia delle scienze naturali e della vita: Filosofia della biologia)<\/strong><br>Registrazione della lezione: <a href=\"https:\/\/drive.google.com\/open?id=1zqdSpvMde-AkyTf8UxGJfMZJTnw3UbyK\" target=\"_blank\" rel=\"noreferrer noopener\" aria-label=\"Link lezione La Vergata (\u00f6ffnet in neuem Tab)\">Link lezione La Vergata<\/a><br>  <\/p>\n\n\n\n<p><strong>11a lezione: 7\/4\/2020: Salvatore Pistoia-Reda (UniSI, DISPOC): Esiste la verit\u00e0? Il rapporto tra linguaggio e mondo. (Filosofia del linguaggio).<\/strong><br>Handout per la lezione: <a href=\"http:\/\/www.lumer.info\/wp-content\/uploads\/2020\/04\/Pistoia-Reda_FilosofiaDelLinguaggio_200407_Handout.pdf\" target=\"_blank\" rel=\"noreferrer noopener\" aria-label=\"Pistoia-Reda_FilosofiaDelLinguaggio_200407_Handout.pdf (\u00f6ffnet in neuem Tab)\">Pistoia-Reda_FilosofiaDelLinguaggio_200407_Handout.pdf<\/a><br>Registrazione della lezione: <a href=\"https:\/\/drive.google.com\/file\/d\/1NeNtq-JbQE8E8IsdXIAU31u7WMQ27vDy\/view\" target=\"_blank\" rel=\"noreferrer noopener\" aria-label=\"Link lezione Pistoia-Reda (\u00f6ffnet in neuem Tab)\">Link lezione Pistoia-Reda<\/a><br>  <\/p>\n\n\n\n<p><strong>12a lezione: 28\/4\/2020: Sandro Nannini (UniSI, DISPOC): Il problema mente \u2013 corpo tra filosofia della mente e scienze cognitive. (Filosofia della mente e scienze cognitive)<\/strong><br>Slides della lezione: <a rel=\"noreferrer noopener\" aria-label=\"Nannini_IlProblemaMente-Corpo_200428.pdf (\u00f6ffnet in neuem Tab)\" href=\"http:\/\/www.lumer.info\/wp-content\/uploads\/2020\/04\/Nannini_IlProblemaMente-Corpo_200428.pdf\" target=\"_blank\">Nannini_IlProblemaMente-Corpo_200428.pdf<\/a><br>Registrazione della lezione: <a rel=\"noreferrer noopener\" aria-label=\"Link lezione Nannini (\u00f6ffnet in neuem Tab)\" href=\"https:\/\/drive.google.com\/file\/d\/1xqf7jFZd2e_bMlJtT1bG7XNpaKmopTeo\/view\" target=\"_blank\">Link lezione Nannini<\/a><\/p>\n\n\n\n<p><br><strong>13a lezione: 5\/5\/2020: Paolo Piccari (UniSI, DISFUCI): Ontologia&nbsp;e&nbsp;conoscenza&nbsp;ordinaria. (Ontologia)<\/strong><br>Slides della lezione: <a href=\"http:\/\/www.lumer.info\/wp-content\/uploads\/2020\/05\/Piccari_OntologiaConoscenzaOrdinaria_200505_Slides.pdf\" target=\"_blank\" rel=\"noreferrer noopener\" aria-label=\"Piccari_Ontologia&amp;ConoscenzaOrdinaria_200505_Slides.pdf (\u00f6ffnet in neuem Tab)\">Piccari_Ontologia&amp;ConoscenzaOrdinaria_200505_Slides.pdf<\/a><br>Registrazione della lezione: <a rel=\"noreferrer noopener\" aria-label=\"Link lezione Piccari (\u00f6ffnet in neuem Tab)\" href=\"https:\/\/drive.google.com\/a\/unisi.it\/file\/d\/1v4FL6pOId6f8La6FeiXtLm7pcMceoOlD\/view?usp=drive_web\" target=\"_blank\">Link lezione Piccari<\/a><br><\/p>\n\n\n\n<p><strong>14a lezione: 7\/5\/2020: Giuseppe Cognetti (UniSI, DSSBC): Filosofia e religione: complementarit\u00e0 e differenza. (Filsofia della religione)<\/strong><br>Registrazione della lezione: <a href=\"https:\/\/drive.google.com\/open?id=1F4Tz-Bmo-d4SkpiYDaICNuaoBcBPO43t\" target=\"_blank\" rel=\"noreferrer noopener\" aria-label=\"Link lezione Cognetti, Filosofia della religione (\u00f6ffnet in neuem Tab)\">Link lezione Cognetti, Filosofia della religione<\/a><\/p>\n\n\n\n<p><strong>15a lezione: 12\/5\/2020: Giuseppe Cognetti (Uni Siena): Filosofia occidentale e pensiero indiano. Per un dialogo fra culture. (Filosofia interculturale)<\/strong><br>Registrazione della lezione: <a href=\"https:\/\/drive.google.com\/open?id=1IFRKE8z8q57xhTUdxZLWwyzxUI590GoH\" target=\"_blank\" rel=\"noreferrer noopener\" aria-label=\"Link lezione Cognetti, Filosofia interculturale (\u00f6ffnet in neuem Tab)\">Link lezione Cognetti, Filosofia interculturale<\/a><\/p>\n\n\n\n<p><strong>16a lezione: 14\/5\/2020: Francesco Allegri (UniSI, DSSBC): Bioetica: l\u2019embrione e le questioni morali di inizio vita. (Etica applicata)<\/strong><br>Slides della lezione: <a href=\"http:\/\/www.lumer.info\/wp-content\/uploads\/2020\/05\/Allegri_LoStatusMoraleDelFeto_200514_Slides.pdf\" target=\"_blank\" rel=\"noreferrer noopener\" aria-label=\"Allegri_LoStatusMoraleDelFeto_200514_Slides.pdf (\u00f6ffnet in neuem Tab)\">Allegri_LoStatusMoraleDelFeto_200514_Slides.pdf<\/a> <br>Registrazione della lezione: <a rel=\"noreferrer noopener\" aria-label=\"Link lezione Allegri (\u00f6ffnet in neuem Tab)\" href=\"https:\/\/drive.google.com\/open?id=13QGwXYm5c4PfUO4oLK4d08RnhkJVJS90\" target=\"_blank\">Link lezione Allegri<\/a><br><a href=\"https:\/\/drive.google.com\/open?id=13QGwXYm5c4PfUO4oLK4d08RnhkJVJS90\"><\/a><\/p>\n\n\n\n<p><strong>17a lezione: 19\/5\/2020: Christoph Lumer (UniSI, DISPOC): Benessere e giustizia \u2013 scopi della morale. (Etica normativa)<\/strong><br>Slides della lezione: <a rel=\"noreferrer noopener\" aria-label=\"Lumer_Benessere&amp;Giustizia-ScopiDellaMorale_200519.pdf (\u00f6ffnet in neuem Tab)\" href=\"http:\/\/www.lumer.info\/wp-content\/uploads\/2020\/05\/Lumer_BenessereGiustizia-ScopiDellaMorale_200519.pdf\" target=\"_blank\">Lumer_Benessere&amp;Giustizia-ScopiDellaMorale_200519.pdf<\/a><br>Registrazione della lezione: <a rel=\"noreferrer noopener\" aria-label=\"Link lezione Lumer, Etica normativa (\u00f6ffnet in neuem Tab)\" href=\"https:\/\/drive.google.com\/open?id=1OMAY7WTLHkADdUpV-5ts10EncDX4h3sx\" target=\"_blank\">Link lezione Lumer, Etica normativa<\/a><br><a href=\"https:\/\/drive.google.com\/open?id=1OMAY7WTLHkADdUpV-5ts10EncDX4h3sx\"><\/a><br><strong>18a lezione: 21\/5\/2020: Valeria Ottonelli (U Genova): Democrazia diretta e rappresentativa. (Filosofia politica)<\/strong><br>Slides della lezione: <a rel=\"noreferrer noopener\" aria-label=\"Ottonelli_DemocraziaDiretta&amp;Rappresentativa_200521.pdf (\u00f6ffnet in neuem Tab)\" href=\"http:\/\/www.lumer.info\/wp-content\/uploads\/2020\/05\/Ottonelli_DemocraziaDirettaRappresentativa_200521.pdf\" target=\"_blank\">Ottonelli_DemocraziaDiretta&amp;Rappresentativa_200521.pdf<\/a><br>Registrazione della lezione: <a href=\"https:\/\/drive.google.com\/open?id=1En8-nFh__lgVjrnuF6MQx2e5a210BTLI\" target=\"_blank\" rel=\"noreferrer noopener\" aria-label=\"Link lezione Ottonelli, Filosofia politica (\u00f6ffnet in neuem Tab)\">Link lezione Ottonelli, Filosofia politica<\/a><\/p>\n\n\n\n<p><strong>19a lezione: 26\/5\/2020: Enrico Diciotti (UniSI, DiGiu): Norme e decisioni: due immagini del diritto. (Filosofia del diritto)<\/strong><br>Registrazione della lezione: <a href=\"https:\/\/drive.google.com\/open?id=1eMVw6QXk2DrawZ3EXZqgeM5ukfiOOHNq\" target=\"_blank\" rel=\"noreferrer noopener\">Link lezione Diciotti, Filosofia del diritto<\/a><\/p>\n\n\n\n<p><strong>20a lezione: 28\/5\/2020: Christoph Lumer (UniSI, DISPOC): Razionalit\u00e0, felicit\u00e0 e saggezza \u2013 la vita buona. (Filosofia prudenziale (decisioni razionali, vita buona))<\/strong><br>Slides della lezione: <br><a href=\"http:\/\/www.lumer.info\/wp-content\/uploads\/2020\/05\/Lumer_Razionalit\u00e0Felicit\u00e0Saggezza\u2013LaVitaBuona_200528Slides.pdf\" target=\"_blank\" rel=\"noreferrer noopener\">Lumer_Razionalit\u00e0,Felicit\u00e0&amp;Saggezza\u2013LaVitaBuona_200528Slides.pdf<\/a><br>Registrazione della lezione: <a rel=\"noreferrer noopener\" href=\"https:\/\/drive.google.com\/open?id=1PVDRjVrfoP6AL4N9HCOtGCb7L1fa6JJB\" target=\"_blank\">Link lezione Lumer, Filosofia prudenziale<\/a><\/p>\n\n\n\n<p> <\/p>\n\n\n\n<p>Oltre a seguire le lezioni gli\nstudenti sono invitati a studiare i testi di riferimento delle singole lezioni.\n<\/p>\n","protected":false},"excerpt":{"rendered":"<p>Benvenuto sulla piattaforma e-learning del corso &#8222;Filosofia: Saper pensare \u2013 L&#8217;attualit\u00e0 della filosofia&#8220;. Questa piattaforma \u00e8 stata creata a causa della sospensione delle attivit\u00e0 didattiche in presenza nell&#8217;Universit\u00e0 di Siena per l&#8217;epidemia Covid-19 e serve per fornire delle informazioni ed &hellip; <a href=\"https:\/\/www.lumer.info\/?page_id=1429\">Weiterlesen <span class=\"meta-nav\">&rarr;<\/span><\/a><\/p>\n","protected":false},"author":1,"featured_media":0,"parent":12,"menu_order":0,"comment_status":"closed","ping_status":"closed","template":"","meta":{"footnotes":""},"_links":{"self":[{"href":"https:\/\/www.lumer.info\/index.php?rest_route=\/wp\/v2\/pages\/1429"}],"collection":[{"href":"https:\/\/www.lumer.info\/index.php?rest_route=\/wp\/v2\/pages"}],"about":[{"href":"https:\/\/www.lumer.info\/index.php?rest_route=\/wp\/v2\/types\/page"}],"author":[{"embeddable":true,"href":"https:\/\/www.lumer.info\/index.php?rest_route=\/wp\/v2\/users\/1"}],"replies":[{"embeddable":true,"href":"https:\/\/www.lumer.info\/index.php?rest_route=%2Fwp%2Fv2%2Fcomments&post=1429"}],"version-history":[{"count":44,"href":"https:\/\/www.lumer.info\/index.php?rest_route=\/wp\/v2\/pages\/1429\/revisions"}],"predecessor-version":[{"id":1563,"href":"https:\/\/www.lumer.info\/index.php?rest_route=\/wp\/v2\/pages\/1429\/revisions\/1563"}],"up":[{"embeddable":true,"href":"https:\/\/www.lumer.info\/index.php?rest_route=\/wp\/v2\/pages\/12"}],"wp:attachment":[{"href":"https:\/\/www.lumer.info\/index.php?rest_route=%2Fwp%2Fv2%2Fmedia&parent=1429"}],"curies":[{"name":"wp","href":"https:\/\/api.w.org\/{rel}","templated":true}]}}